537 - -5572. Let n = 345 + -15. What is the remainder when h is divided by n/27 + (-4)/18?
11
Let z = 8 + -5. Suppose -4058*j + 12 = -4052*j. Suppose 5*c = z*i - 14, 3*i + j*c - 4*c - 11 = 0. Calculate the remainder when 10 is divided by i.
1
Suppose 10*l - 48*l + 2209 = -27317. What is the remainder when l is divided by 36?
21
Suppose -10 = 2*z, -z - 98 = 2*f + 45. Let x = f + 106. Suppose c - x - 35 = 0. What is the remainder when c is divided by 15?
12
Let y(l) = 13*l**2 - 157*l + 59. What is the remainder when y(18) is divided by 50?
45
Let c(q) = -q**3 + 7*q**2 + q - 9. Let s be c(8). Let v = 73 + s. Calculate the remainder when 18 is divided by v.
2
Calculate the remainder when (4 - -301) + 22 + -15 is divided by 88.
48
Suppose 5*z - r - 974 = 0, z + 2*r - 600 = -2*z. Calculate the remainder when 1158 is divided by z.
178
Let p(d) = -4*d**2 - 5*d + 19. Let i be p(-9). Let w = i - -285. What is the remainder when w is divided by 5?
0
Suppose 72 = 3*y + 3*d, 2*y = -0*d - 3*d + 48. Let o be (-4)/(-4 - -8)*6 - -5. What is the remainder when 87 is divided by (1*(-1 - y))/o?
12
Suppose -16*u - 1427042 = -66*u - 143*u. Calculate the remainder when u is divided by 13.
10
Let b = 7958 - 7031. What is the remainder when b is divided by 130?
17
Let r(c) = 3*c - 4. Let q be r(2). Suppose 0*a = -3*a - 9, q*i - 175 = -3*a. Let l(u) = 2*u + 46. What is the remainder when i is divided by l(-11)?
20
Let d = 11599 + -11567. Calculate the remainder when d is divided by 178/8 + 6/8.
9
Suppose 7*f - 5 = 51. Suppose 4*r - 38 = o, -2*r + 2 = f. Let t = 157 + o. What is the remainder when t is divided by 28?
23
Suppose -23*r - 26757 + 27424 = 0. Let v(t) = 95*t + 4. What is the remainder when v(3) is divided by r?
28
Calculate the remainder when 4/(-66) + 8 + (-15712)/(-66) is divided by 31.
29
Suppose 3*x + 28*n - 28 = 26*n, -n = x - 11. Let c(d) = 2*d**3 - 14*d**2 + 23*d - 27. Calculate the remainder when 119 is divided by c(x).
2
Let q = 88 - 86. Suppose i - 15 = -4*o - o, q*o = -i + 9. Suppose 3*r + v - 45 = -o*v, 5*r - 5*v = 45. What is the remainder when r is divided by 7?
5
Suppose -5*n = -69 - 141. Let j(o) = -o**3 + 16*o**2 - 1. Let k be j(16). Calculate the remainder when n is divided by (42/(-56))/(k/12).
6
Suppose 4*d - 3234 = -2*d. Let c = 611 - d. What is the remainder when 292 is divided by c?
4
Suppose 3*q + 2*q = -4*p - 9, -2*p + 4*q - 24 = 0. Calculate the remainder when 63 is divided by -3 + (-63)/(p + 3).
9
Suppose 1516860 = 240*y + 396*y. What is the remainder when y is divided by 6?
3
Let o(v) = -2*v. Let z(t) = 9*t**2 - 20*t - 18. Let m(w) = -6*o(w) + z(w). Suppose -4*r = -2*r - 130. What is the remainder when m(6) is divided by r?
63
Suppose -31*n - 10 = -32*n. Let l(f) = f**3 - 10*f**2 - 10*f - 10. Let v be l(11). Calculate the remainder when 53/(2 - v) + 3 is divided by n.
6
Suppose -48*o + 4320 - 1344 = 0. What is the remainder when 7251 is divided by o?
59
Let z = 15 + -16. Let w = z + 44. Calculate the remainder when 85 - ((-1)/3 + (-84)/(-36)) is divided by w.
40
Let b = 145 + -142. What is the remainder when 70 is divided by b?
1
Suppose 2*l - 7*l + 70 = 0. Let j = -899 + 515. Calculate the remainder when (36/16)/(4/(j/(-9))) is divided by l.
10
Suppose -8 = q + p, 5*q + 21 = 2*q - 2*p. Let k(u) = -9*u - 36. Let y be k(q). Let n = 12 - y. Calculate the remainder when 5 is divided by n.
2
Let b be 0*-1*-5*(-5)/75. Suppose -12*o - 2*o + 4242 = b. Calculate the remainder when o is divided by 19.
18
Let y be -3*(20/15*-2 - -2). Suppose -y - 47 = -g. What is the remainder when g is divided by 10?
9
Suppose -37*r + 47*r - 230 = 0. Let l(w) = 162*w - 7. Calculate the remainder when l(1) is divided by r.
17
Suppose 0 = -2*y + 316 + 80. Let v be 4/14 - y/(-42). Suppose -2*n + 11 = 5*x, -v*n + 2*x = -3*n - 18. What is the remainder when 12 is divided by n?
4
Suppose -134*k + 80 = -129*k - 4*w, 5*w - 2 = 2*k. Let d = 227 + -136. Calculate the remainder when d is divided by k.
19
Let q(x) = -x**3 - 14*x**2 - 4*x + 287. Calculate the remainder when q(-12) is divided by 9.
2
Let h(s) = 15*s**2 - 39*s + 3. Let z be h(6). Suppose -a + z = 5*g, 4*g + 6*a - a = 264. Suppose 35 = -2*w + g. Calculate the remainder when 35 is divided by w.
9
Let x = 3985 + -3947. What is the remainder when x is divided by (-18)/(-3) - (1 - -1)?
2
Suppose -26*q + 19*q + 14 = 0. Let c(r) = 3*r**3 - 2*r**2 + r - 2. Calculate the remainder when c(q) is divided by (2/(-4))/(1/(-20)).
6
Let w = -273 - -275. Suppose 3*p - 194 = -5*j, w*p = -5*j + 4*j + 127. What is the remainder when p is divided by 22?
19
Let w(x) = 5*x**3 - 6*x**2 + 9*x - 3. Let v = 334 - 214. Suppose -v = -3*g + 3*k, -k - 5 + 1 = 0. What is the remainder when w(3) is divided by g?
33
Suppose -48 = -36*n + 564. What is the remainder when 28 is divided by n?
11
Let q be ((-10)/(-4))/((-36)/(-216)). Suppose -7*x - q = -57. Calculate the remainder when 453 is divided by x.
3
Let q = -11 + 2. Let s(g) = -32*g + 36. What is the remainder when s(q) is divided by 25?
24
Let s be (-12)/21*1582/(-4). Suppose -5*x + s = 31. What is the remainder when x is divided by 15?
9
Let c be 1/((-3)/315*-3). Suppose x + 23 = 5*q, -4*q + 25 = -q + 5*x. Suppose 10*b = q*b + c. Calculate the remainder when b is divided by 3.
1
Suppose -t = 62 + 5. Let l(a) = 174*a**3 + 2*a**2 - 2*a - 1. Let m be l(-1). Let k = t - m. Calculate the remainder when k is divided by 27.
23
Calculate the remainder when 1536/13056 + (-8192)/(-17) is divided by 454.
28
Let h be 742/70 - (-2 + (-8)/(-5)). Suppose h*o - 113 = -3. Suppose -o*r + 80 = -80. Calculate the remainder when 59 is divided by r.
11
Suppose -4*v + 5*y - 81 = 0, -5*y = -3*v - 5 - 62. Let g = -3 - v. What is the remainder when 174 is divided by g?
9
Let l = 22301 - 22196. Calculate the remainder when l is divided by 20.
5
Let z = 3435 + -1663. Calculate the remainder when z is divided by 8.
4
Let x(b) = -b + b - 3 + 4*b - 2*b. Let u be x(-1). What is the remainder when 36 is divided by (-475)/5*1/u?
17
Suppose -66 - 538 - 422 = -18*g. Calculate the remainder when 148 is divided by g.
34
Suppose k = 6*k - 10. Let s = -108 + 116. What is the remainder when (k - 93/15)*-5 is divided by s?
5
Suppose 4*j + 387 = 5*s, 0*j - j = -5*s + 378. Calculate the remainder when 80 is divided by s.
5
Let c(f) = -f**2 + 12*f + 30. Let l be c(14). Suppose l*j = -3*o - 12, -4*j + 6 + 0 = o. Calculate the remainder when (-63)/o*(-20)/(-6) is divided by 21.
14
Calculate the remainder when 253 is divided by (-574)/(-8) - (-8 + 20)*(-1)/(-16).
40
Let h = 267 + -262. Suppose -4*n = -2 - 6. Suppose 0 = 4*z, -n*p + 47 = -5*z + 11. What is the remainder when p is divided by h?
3
Suppose -83 = -2*l + 4*p - 19, -5*l + 3*p = -139. Suppose 5*a + 20 = 0, -4*q + 5*q = 5*a + l. Calculate the remainder when 4/(-6) - (-412)/q is divided by 23.
22
Let r = 2 + 82. Let h = -9346 + 9453. Let u = h - r. Calculate the remainder when u is divided by 8.
7
Suppose 0 = 4*u - 3 - 17, -5*u - 29 = -3*p. Suppose 0 = -10*r + 8 + 22. Suppose -r*f + 109 = 2*a, -1 = f - 2*f. What is the remainder when a is divided by p?
17
Let n = 40 + -40. Suppose -4*a + 2*g - 22 = n, -g - 5 = 2*a + 4. Let r(t) = -2*t - 8. What is the remainder when 7 is divided by r(a)?
1
Let c be (-4)/8*4 - -2. Suppose 5*z = -2*k + 7*k - 35, c = -k - 5*z - 5. Suppose -27 = -k*g + 93. What is the remainder when 68 is divided by g?
20
Let h(j) = 3*j**2 - 6*j + 7. Suppose -2*f + 3*f = 5*k + 15, 5*k - 10 = -4*f. Calculate the remainder when h(-5) is divided by k/5 - 0 - (-6174)/210.
25
Let j(x) = x**3 - 4*x**2 - 7*x + 10. Let f be j(5). Suppose -5*v + 6*v - 6 = f. Suppose -v*g + 3*g = -315. Calculate the remainder when g is divided by 37.
31
Let w = 8075 - 7671. Calculate the remainder when w is divided by 43.
17
Let c(h) = 23*h**3 - h**2 - 2*h + 15. What is the remainder when 1138 is divided by c(2)?
183
Let i(s) = s**3 + 27*s**2 + 86*s - 38. Calculate the remainder when i(-18) is divided by 132.
10
Suppose -3*o - 4 + 31 = 0. Let y(c) = -23*c + 325. Calculate the remainder when y(12) is divided by o.
4
Let m be ((-3)/9)/(-1 - (-1876)/1878). Let i = 566 - m. Calculate the remainder when i is divided by 52.
45
Let q = 2 - -2. Suppose 5*h + 590 = -5*b, 9*h + 2*b = 4*h - 